{"id":14,"date":"2015-04-20T11:16:36","date_gmt":"2015-04-20T09:16:36","guid":{"rendered":"http:\/\/mzbskarkonosze.pl\/?page_id=14"},"modified":"2018-12-03T10:51:22","modified_gmt":"2018-12-03T09:51:22","slug":"dokumenty-stowarzyszenia","status":"publish","type":"page","link":"http:\/\/mzbskarkonosze.pl\/?page_id=14","title":{"rendered":"Dokumenty Stowarzyszenia"},"content":{"rendered":"<p><a href=\"http:\/\/mzbskarkonosze.pl\/wp-content\/uploads\/2015\/04\/Statut150627.pdf\" target=\"_blank\" rel=\"noopener\">Statut MZBS Karkonosze (po zmianach 27.06.2015)<\/a><\/p>\n<p><a href=\"http:\/\/mzbskarkonosze.pl\/wyniki\/mzbs\/wzd2018.pdf\" target=\"_blank\" rel=\"noopener\">Protok\u00f3\u0142 z Walnego Zgromadzenia z dnia 27 pa\u017adziernika 2018 r.<\/a><\/p>\n<hr \/>\n<h4>Archiwum<\/h4>\n<p><a href=\"http:\/\/mzbskarkonosze.pl\/wp-content\/uploads\/2015\/04\/protokol2014.pdf\" target=\"_blank\" rel=\"noopener\">Protok\u00f3\u0142 z Walnego Zgromadzenia z dnia 26 pa\u017adziernika 2014 r.<\/a><\/p>\n<div id=\"fb-root\"><\/div><script src=\"http:\/\/connect.facebook.net\/pl_PL\/all.js#xfbml=1\"><\/script><fb:like href=\"http:\/\/mzbskarkonosze.pl\/?page_id=14\" send=\"true\" layout=\"standard\" width=\"450\" show_faces=\"true\" font=\"arial\" action=\"like\" colorscheme=\"dark\"><\/fb:like>","protected":false},"excerpt":{"rendered":"<p>Statut MZBS Karkonosze (po zmianach 27.06.2015) Protok\u00f3\u0142 z Walnego Zgromadzenia z dnia 27 pa\u017adziernika 2018 r. Archiwum Protok\u00f3\u0142 z Walnego Zgromadzenia z dnia 26 pa\u017adziernika 2014 r.<\/p>\n","protected":false},"author":2,"featured_media":0,"parent":0,"menu_order":0,"comment_status":"open","ping_status":"open","template":"","meta":[],"_links":{"self":[{"href":"http:\/\/mzbskarkonosze.pl\/index.php?rest_route=\/wp\/v2\/pages\/14"}],"collection":[{"href":"http:\/\/mzbskarkonosze.pl\/index.php?rest_route=\/wp\/v2\/pages"}],"about":[{"href":"http:\/\/mzbskarkonosze.pl\/index.php?rest_route=\/wp\/v2\/types\/page"}],"author":[{"embeddable":true,"href":"http:\/\/mzbskarkonosze.pl\/index.php?rest_route=\/wp\/v2\/users\/2"}],"replies":[{"embeddable":true,"href":"http:\/\/mzbskarkonosze.pl\/index.php?rest_route=%2Fwp%2Fv2%2Fcomments&post=14"}],"version-history":[{"count":5,"href":"http:\/\/mzbskarkonosze.pl\/index.php?rest_route=\/wp\/v2\/pages\/14\/revisions"}],"predecessor-version":[{"id":1958,"href":"http:\/\/mzbskarkonosze.pl\/index.php?rest_route=\/wp\/v2\/pages\/14\/revisions\/1958"}],"wp:attachment":[{"href":"http:\/\/mzbskarkonosze.pl\/index.php?rest_route=%2Fwp%2Fv2%2Fmedia&parent=14"}],"curies":[{"name":"wp","href":"https:\/\/api.w.org\/{rel}","templated":true}]}}