{"id":1874,"date":"2018-10-02T16:22:15","date_gmt":"2018-10-02T14:22:15","guid":{"rendered":"http:\/\/mzbskarkonosze.pl\/?page_id=1874"},"modified":"2019-10-27T20:44:54","modified_gmt":"2019-10-27T19:44:54","slug":"sezon-2018-2019","status":"publish","type":"page","link":"http:\/\/mzbskarkonosze.pl\/?page_id=1874","title":{"rendered":"Sezon 2018\/2019"},"content":{"rendered":"<h5><a href=\"http:\/\/mzbskarkonosze.pl\/?p=2063\">P\u00f3\u0142fina\u0142y i fina\u0142<\/a><\/h5>\n<h5><a href=\"http:\/\/mzbskarkonosze.pl\/wyniki\/liga\/2019\/liga2019leaderb.html\" target=\"_blank\" rel=\"noopener\">Wyniki rundy zasadniczej<\/a><\/h5>\n<p><a href=\"http:\/\/mzbskarkonosze.pl\/wyniki\/liga\/2019\/liga2019U-1.html\" target=\"_blank\" rel=\"noopener\">Szczeg\u00f3\u0142owy terminarz rundy zasadniczej<\/a><\/p>\n<p><a href=\"http:\/\/mzbskarkonosze.pl\/?p=1591\">Harmonogram zjazdu ligowego<\/a><\/p>\n<h5>Terminarz ligi okr\u0119gowej jesieni\u0105 2018<\/h5>\n<ol>\n<li>\u00a014.10 &#8211; 03.11.2018 &#8211; pojedyncze mecze mi\u0119dzy dru\u017cynami z s\u0105siedztwa\u201d, bez s\u0119dziego (s\u0119dziuj\u0105 kapitanowie)<\/li>\n<li>\u00a004.11.2018 &#8211; Mi\u0142kowice<\/li>\n<li>25.11.2018 &#8211; Luba\u0144<\/li>\n<li>02.12.2018 &#8211; Luba\u0144<\/li>\n<\/ol>\n<p><a href=\"http:\/\/mzbskarkonosze.pl\/?p=1850\">Rejestracja dru\u017cyn i zawodnik\u00f3w<\/a><\/p>\n<p><a href=\"http:\/\/mzbskarkonosze.pl\/wp-content\/uploads\/2018\/10\/Regulamin_DMP_2018_2019a.pdf\" target=\"_blank\" rel=\"noopener\">Regulamin Dru\u017cynowych Mistrzostw Polski 2018\/2019<\/a><\/p>\n<div id=\"fb-root\"><\/div><script src=\"http:\/\/connect.facebook.net\/pl_PL\/all.js#xfbml=1\"><\/script><fb:like href=\"http:\/\/mzbskarkonosze.pl\/?page_id=1874\" send=\"true\" layout=\"standard\" width=\"450\" show_faces=\"true\" font=\"arial\" action=\"like\" colorscheme=\"dark\"><\/fb:like>","protected":false},"excerpt":{"rendered":"<p>P\u00f3\u0142fina\u0142y i fina\u0142 Wyniki rundy zasadniczej Szczeg\u00f3\u0142owy terminarz rundy zasadniczej Harmonogram zjazdu ligowego Terminarz ligi okr\u0119gowej jesieni\u0105 2018 \u00a014.10 &#8211; 03.11.2018 &#8211; pojedyncze mecze mi\u0119dzy dru\u017cynami z s\u0105siedztwa\u201d, bez s\u0119dziego (s\u0119dziuj\u0105 kapitanowie) \u00a004.11.2018 &#8211; Mi\u0142kowice 25.11.2018 &#8211; Luba\u0144 02.12.2018 &#8211; Luba\u0144 Rejestracja dru\u017cyn i zawodnik\u00f3w Regulamin Dru\u017cynowych Mistrzostw Polski 2018\/2019<\/p>\n","protected":false},"author":2,"featured_media":0,"parent":0,"menu_order":0,"comment_status":"closed","ping_status":"closed","template":"","meta":[],"_links":{"self":[{"href":"http:\/\/mzbskarkonosze.pl\/index.php?rest_route=\/wp\/v2\/pages\/1874"}],"collection":[{"href":"http:\/\/mzbskarkonosze.pl\/index.php?rest_route=\/wp\/v2\/pages"}],"about":[{"href":"http:\/\/mzbskarkonosze.pl\/index.php?rest_route=\/wp\/v2\/types\/page"}],"author":[{"embeddable":true,"href":"http:\/\/mzbskarkonosze.pl\/index.php?rest_route=\/wp\/v2\/users\/2"}],"replies":[{"embeddable":true,"href":"http:\/\/mzbskarkonosze.pl\/index.php?rest_route=%2Fwp%2Fv2%2Fcomments&post=1874"}],"version-history":[{"count":6,"href":"http:\/\/mzbskarkonosze.pl\/index.php?rest_route=\/wp\/v2\/pages\/1874\/revisions"}],"predecessor-version":[{"id":2198,"href":"http:\/\/mzbskarkonosze.pl\/index.php?rest_route=\/wp\/v2\/pages\/1874\/revisions\/2198"}],"wp:attachment":[{"href":"http:\/\/mzbskarkonosze.pl\/index.php?rest_route=%2Fwp%2Fv2%2Fmedia&parent=1874"}],"curies":[{"name":"wp","href":"https:\/\/api.w.org\/{rel}","templated":true}]}}