{"id":72,"date":"2015-04-20T14:34:21","date_gmt":"2015-04-20T12:34:21","guid":{"rendered":"http:\/\/mzbskarkonosze.pl\/?page_id=72"},"modified":"2017-04-12T20:28:22","modified_gmt":"2017-04-12T18:28:22","slug":"kluby","status":"publish","type":"page","link":"http:\/\/mzbskarkonosze.pl\/?page_id=72","title":{"rendered":"Kluby"},"content":{"rendered":"<table style=\"height: 1000px;\" border=\"0\" width=\"600\">\n<tbody>\n<tr>\n<td style=\"vertical-align: middle; text-align: center;\" width=\"177\" height=\"100\"><a href=\"http:\/\/bkb.boleslawiec.pl\" target=\"_blank\"><img decoding=\"async\" loading=\"lazy\" class=\"wp-image-78\" src=\"http:\/\/mzbskarkonosze.pl\/wp-content\/uploads\/2015\/04\/LogoBKBmin.gif\" alt=\"LogoBKBmin\" width=\"129\" height=\"67\" \/><\/a><\/td>\n<td style=\"vertical-align: middle; text-align: center;\"><a href=\"http:\/\/bkb.boleslawiec.pl\" target=\"_blank\">Boles\u0142awiecki Klub Bryd\u017cowy<\/a><\/td>\n<\/tr>\n<tr>\n<td style=\"vertical-align: middle; text-align: center;\" width=\"177\" height=\"100\"><a title=\"Klub Bryd\u017cowy ZABOBRZE Jelenia G\u00f3ra\" href=\"http:\/\/brydzjeleniagora.pl.tl\" target=\"_blank\"><img decoding=\"async\" loading=\"lazy\" class=\"wp-image-73\" src=\"http:\/\/mzbskarkonosze.pl\/wp-content\/uploads\/2015\/04\/mzbs-karkonosze4_02.gif\" alt=\"mzbs-karkonosze4_02\" width=\"86\" height=\"75\" \/><\/a><\/td>\n<td style=\"vertical-align: middle; text-align: center;\"><a title=\"Klub Bryd\u017cowy ZABOBRZE Jelenia G\u00f3ra\" href=\"http:\/\/brydzjeleniagora.pl.tl\" target=\"_blank\">Klub Bryd\u017cowy ZABOBRZE Jelenia G\u00f3ra<\/a><\/td>\n<\/tr>\n<tr>\n<td style=\"vertical-align: middle; text-align: center;\" width=\"177\" height=\"100\"><a href=\"http:\/\/mzbskarkonosze.pl\/wp-content\/uploads\/2015\/04\/mzbs-karkonosze6_03.gif\"><img decoding=\"async\" loading=\"lazy\" class=\"wp-image-75\" src=\"http:\/\/mzbskarkonosze.pl\/wp-content\/uploads\/2015\/04\/mzbs-karkonosze6_03.gif\" alt=\"mzbs-karkonosze6_03\" width=\"101\" height=\"75\" \/><\/a><\/td>\n<td style=\"vertical-align: middle; text-align: center;\">Kamiennog\u00f3rskie Towarzystwo Bryd\u017cowe<\/td>\n<\/tr>\n<tr>\n<td style=\"vertical-align: middle; text-align: center;\" width=\"177\" height=\"100\"><a title=\"Klub Bryd\u017ca Sportowego PIAST Luba\u0144\" href=\"http:\/\/mzbskarkonosze.internetdsl.pl\/luban\/index.html\" target=\"_blank\"><img decoding=\"async\" loading=\"lazy\" class=\"wp-image-76\" src=\"http:\/\/mzbskarkonosze.pl\/wp-content\/uploads\/2015\/04\/mzbs-karkonosze6_04.gif\" alt=\"mzbs-karkonosze6_04\" width=\"62\" height=\"75\" \/><\/a><\/td>\n<td style=\"vertical-align: middle; text-align: center;\"><a title=\"Klub Bryd\u017ca Sportowego PIAST Luba\u0144\" href=\"http:\/\/mzbskarkonosze.internetdsl.pl\/luban\/index.html\" target=\"_blank\">Klub Bryd\u017ca Sportowego <\/a><a title=\"Klub Bryd\u017ca Sportowego PIAST Luba\u0144\" href=\"http:\/\/mzbskarkonosze.internetdsl.pl\/luban\/index.html\" target=\"_blank\">PIAST Luba\u0144<\/a><\/td>\n<\/tr>\n<tr>\n<td style=\"vertical-align: middle; text-align: center;\" width=\"177\" height=\"100\"><\/td>\n<td style=\"vertical-align: middle; text-align: center;\"><a href=\"http:\/\/klublogiczny.pl\" target=\"_blank\">Klub Logiczny Piechowice<\/a><\/td>\n<\/tr>\n<tr>\n<td style=\"vertical-align: middle; text-align: center;\" width=\"177\" height=\"100\"><a href=\"http:\/\/mzbskarkonosze.pl\/wp-content\/uploads\/2015\/04\/mzbs-k1.gif\"><img decoding=\"async\" loading=\"lazy\" class=\"wp-image-79\" src=\"http:\/\/mzbskarkonosze.pl\/wp-content\/uploads\/2015\/04\/mzbs-k1.gif\" alt=\"mzbs-k1\" width=\"40\" height=\"59\" \/><\/a><\/td>\n<td style=\"vertical-align: middle; text-align: center;\">Sekcja Bryd\u017ca Sportowego KS BAZALT Sulik\u00f3w<\/td>\n<\/tr>\n<tr>\n<td style=\"vertical-align: middle; text-align: center;\" width=\"177\" height=\"100\"><a href=\"http:\/\/mzbskarkonosze.pl\/?attachment_id=1218\" rel=\"attachment wp-att-1218\"><img decoding=\"async\" loading=\"lazy\" class=\"aligncenter size-full wp-image-1218\" src=\"http:\/\/mzbskarkonosze.pl\/wp-content\/uploads\/2015\/04\/mzbs-karkonosze6_05.gif\" alt=\"\" width=\"99\" height=\"75\" \/><\/a><\/td>\n<td style=\"vertical-align: middle; text-align: center;\">Lw\u00f3wecki Klub Bryd\u017cowy<\/td>\n<\/tr>\n<tr>\n<td style=\"vertical-align: middle; text-align: center;\" width=\"177\" height=\"100\"><a href=\"http:\/\/mzbskarkonosze.pl\/wp-content\/uploads\/2015\/04\/mzbs-karkonosze6_06.gif\"><img decoding=\"async\" loading=\"lazy\" class=\"wp-image-77\" src=\"http:\/\/mzbskarkonosze.pl\/wp-content\/uploads\/2015\/04\/mzbs-karkonosze6_06.gif\" alt=\"mzbs-karkonosze6_06\" width=\"79\" height=\"75\" \/><\/a><\/td>\n<td style=\"vertical-align: middle; text-align: center;\"><a title=\"Zgorzelecki Klub Bryd\u017ca Sportowego\" href=\"http:\/\/www.brydz.zgorzelec.pl\" target=\"_blank\">Zgorzelecki Klub Bryd\u017ca Sportowego<\/a><\/td>\n<\/tr>\n<tr>\n<td style=\"vertical-align: middle; text-align: center;\" width=\"177\" height=\"100\">\n<p class=\"hide-if-no-js\"><a id=\"set-post-thumbnail\" class=\"thickbox\" title=\"Ustaw obrazek wyr\u00f3\u017cniaj\u0105cy\" href=\"http:\/\/mzbskarkonosze.pl\/wp-admin\/media-upload.php?post_id=72&amp;type=image&amp;TB_iframe=1\"><img decoding=\"async\" loading=\"lazy\" class=\"attachment-post-thumbnail\" src=\"http:\/\/mzbskarkonosze.pl\/wp-content\/uploads\/2015\/05\/zlotoryja-rynek-672x372.jpg\" alt=\"zlotoryja-rynek\" width=\"177\" height=\"98\" \/><\/a><\/p>\n<\/td>\n<td style=\"vertical-align: middle; text-align: center;\"><a href=\"http:\/\/www.brydz.zlotoryja.pl\/\" target=\"_blank\">KKS Ren But Z\u0142otoryja<\/a><\/td>\n<\/tr>\n<tr>\n<td align=\"center\" width=\"177\" height=\"100\"><\/td>\n<td align=\"center\"><\/td>\n<\/tr>\n<\/tbody>\n<\/table>\n<p style=\"text-align: center;\"><a href=\"http:\/\/bkb.boleslawiec.pl\" target=\"_blank\">\u00a0<\/a><\/p>\n<p style=\"text-align: center;\"><a href=\"http:\/\/mzbskarkonosze.pl\/wp-content\/uploads\/2015\/04\/mzbs-karkonosze6_03.gif\"><br \/>\n<\/a><\/p>\n<div id=\"fb-root\"><\/div><script src=\"http:\/\/connect.facebook.net\/pl_PL\/all.js#xfbml=1\"><\/script><fb:like href=\"http:\/\/mzbskarkonosze.pl\/?page_id=72\" send=\"true\" layout=\"standard\" width=\"450\" show_faces=\"true\" font=\"arial\" action=\"like\" colorscheme=\"dark\"><\/fb:like>","protected":false},"excerpt":{"rendered":"<p>Boles\u0142awiecki Klub Bryd\u017cowy Klub Bryd\u017cowy ZABOBRZE Jelenia G\u00f3ra Kamiennog\u00f3rskie Towarzystwo Bryd\u017cowe Klub Bryd\u017ca Sportowego PIAST Luba\u0144 Klub Logiczny Piechowice Sekcja Bryd\u017ca Sportowego KS BAZALT Sulik\u00f3w Lw\u00f3wecki Klub Bryd\u017cowy Zgorzelecki Klub Bryd\u017ca Sportowego KKS Ren But Z\u0142otoryja \u00a0<\/p>\n","protected":false},"author":2,"featured_media":0,"parent":0,"menu_order":0,"comment_status":"open","ping_status":"open","template":"","meta":[],"_links":{"self":[{"href":"http:\/\/mzbskarkonosze.pl\/index.php?rest_route=\/wp\/v2\/pages\/72"}],"collection":[{"href":"http:\/\/mzbskarkonosze.pl\/index.php?rest_route=\/wp\/v2\/pages"}],"about":[{"href":"http:\/\/mzbskarkonosze.pl\/index.php?rest_route=\/wp\/v2\/types\/page"}],"author":[{"embeddable":true,"href":"http:\/\/mzbskarkonosze.pl\/index.php?rest_route=\/wp\/v2\/users\/2"}],"replies":[{"embeddable":true,"href":"http:\/\/mzbskarkonosze.pl\/index.php?rest_route=%2Fwp%2Fv2%2Fcomments&post=72"}],"version-history":[{"count":26,"href":"http:\/\/mzbskarkonosze.pl\/index.php?rest_route=\/wp\/v2\/pages\/72\/revisions"}],"predecessor-version":[{"id":1301,"href":"http:\/\/mzbskarkonosze.pl\/index.php?rest_route=\/wp\/v2\/pages\/72\/revisions\/1301"}],"wp:attachment":[{"href":"http:\/\/mzbskarkonosze.pl\/index.php?rest_route=%2Fwp%2Fv2%2Fmedia&parent=72"}],"curies":[{"name":"wp","href":"https:\/\/api.w.org\/{rel}","templated":true}]}}